s divided by 9.
6
Let f(n) = 4*n - 9. Let l = -395 - 19. Calculate the remainder when (-2)/5 - l/10 is divided by f(5).
8
Let d(g) = -g**3 - 5*g**2 - 6*g + 3. Suppose 74 = -5*v + 4*z - 2, 0 = 2*v - 5*z + 44. Let r = -17 - v. Calculate the remainder when d(r) is divided by 12.
9
Let h(w) = w**2 - w**3 + w**3 + 6 + 7 - w + w**3. Suppose 0 = k - 3*z, -3*k + 6*k = -5*z. What is the remainder when h(k) is divided by 5?
3
Let j(t) = 10*t**2 + 5*t - 9*t**2 + 0*t**2 + 3. What is the remainder when 8 is divided by j(-5)?
2
Let d(f) = f**3 + 34*f**2 - 35*f + 16. What is the remainder when 73 is divided by d(-35)?
9
What is the remainder when (-2)/(-4) + (-4500)/(-40) is divided by 19?
18
Let k(i) = -i + 74. Calculate the remainder when k(17) is divided by 10.
7
Let x be (39/9)/(2/6). Suppose -5*s + 2*s - 5 = 5*f, 5*f - 2*s = 20. Suppose -z = -x - f. Calculate the remainder when 58 is divided by z.
13
Suppose 0 = -34*q + 1135 + 701. Suppose -3*p = -15, 2*h + 72 = -0*p + 2*p. Let s = -17 - h. Calculate the remainder when q is divided by s.
12
Suppose -3*y = -f - 18, -2*y + 0*y - 2*f + 4 = 0. Suppose k = -5*a + 403, 9 = -y*k - 1. Suppose 0 = -3*g + 80 + 4. What is the remainder when a is divided by g?
25
Suppose -21 = 2*s - 5*y, -2*s - 3*s - 96 = 2*y. Let h be 322/6 - 6/s. Suppose 0 = 4*l - 38 - h. Calculate the remainder when l is divided by 12.
11
Let o(v) = -v**3 + 6*v**2 - 4*v - 5. Calculate the remainder when 23 + (6/(-4))/((-18)/(-24)) is divided by o(4).
10
Suppose -4*q - 2*g = -4 - 92, 4*g = -4*q + 104. Suppose i - 2*i = -53. Suppose 3*c + 14 = i. Calculate the remainder when q is divided by c.
9
Let q = -10 + 14. Suppose -q*p - 10 = -2*p. Let d(v) = 5*v**2 + 3*v + 9. What is the remainder when d(p) is divided by 30?
29
Let n(c) = 4*c**2 - 67*c + 24. What is the remainder when n(17) is divided by 27?
14
Let w = -6 - 5. Let v be (-4)/12*33 + 7. Let d = v - w. What is the remainder when d is divided by 3?
1
Let l(u) = -u**3 - 23*u**2 - 25*u + 25. What is the remainder when l(-22) is divided by 36?
19
Let w(s) = -6*s**2 + 12. Let u(n) = 5*n**2 + n - 11. Let y(q) = -5*u(q) - 4*w(q). Let g(h) = -h + 5. What is the remainder when y(-3) is divided by g(0)?
3
Let y be (1 + 4/(-6))*0. Suppose t + 73 = 3*l, 4*l + y*t = 5*t + 79. Let o(p) = -p**3 + 6*p**2 + 8*p + 7. What is the remainder when l is divided by o(7)?
12
Suppose 4 - 40 = -9*b. Calculate the remainder when 17 is divided by 49/8 + b/(-32).
5
Let l(k) = -k**2 + 14*k - 4. Let o be (1*-13)/(4 + -5). What is the remainder when 24 is divided by l(o)?
6
Suppose 53 = 3*p + 4*k, 15*k = 2*p + 17*k - 34. Calculate the remainder when 237 is divided by p.
12
Suppose 240 = -3*b + 7*b. Suppose 0 = 2*h - h - 3. Suppose h*m - 53 = 2*g, -3*m + 5*g + 48 = 2*g. What is the remainder when b is divided by m?
18
Let u(n) = n**2 + 10*n - 24. Let y be u(-12). Suppose -7*z + 411 + 205 = y. Calculate the remainder when z is divided by 5.
3
Let u(d) = 23*d**2 - 3*d. What is the remainder when u(2) is divided by 15?
11
Suppose z = 4*i - 0*z - 30, i + 5*z - 18 = 0. Let l(q) = 2*q**2 - 8*q + 8. Calculate the remainder when l(i) is divided by 19.
15
Suppose 4*w + j - 22 = 0, w + 5*j = 13 + 2. Calculate the remainder when 169 is divided by 1/((w/(-190))/(1/(-2))).
17
Calculate the remainder when (-618 + 0)/(-3)*78/156 is divided by 18.
13
Suppose 0 = -2*w + 7*w - 115. Suppose 0 = -2*z - w + 45. Calculate the remainder when 50 is divided by z.
6
Let d(a) = a**3 - 3*a**2 - 11*a + 9. Let t be d(5). Let h(p) = 11*p - 33. Let x = -19 - -60. Calculate the remainder when x is divided by h(t).
8
Let l be 2 + (-3 - (-14)/2). Let m be (l/((-4)/(-2)))/1. Suppose 2*v = -3*t - m*v + 70, -5*v = 5*t - 110. What is the remainder when t is divided by 7?
6
Suppose -17*y + 213 = -13*y - 3*l, 3*l - 93 = -2*y. What is the remainder when 760 is divided by y?
46
Suppose v - 737 = 114. Calculate the remainder when 50 is divided by v/69 - 4/(-6).
11
Let k(t) = -9*t - 14. Let v be k(-4). Calculate the remainder when 87 is divided by 0 + 4/22 + 392/v.
15
Let f(i) = 3*i**2 - 4*i - 2. Let d be f(4). Calculate the remainder when (-6)/30 - (-155)/25 - -11 is divided by d/(-4)*(-6)/9.
2
Suppose -2*m + 3*i + 59 = 0, -4*i - i = -3*m + 91. Let x(p) = p**3 - 12*p**2 + 2. Let o be x(12). What is the remainder when m is divided by 8/o - (-3 + 3/3)?
4
Let v(z) = -z**2 + 8*z - 12. Let q be v(5). Suppose q*j - 181 = -34. What is the remainder when j is divided by 26?
23
Let z = -4 - -4. Suppose z = -y + 4 - 23. Let o = y + 31. Calculate the remainder when 23 is divided by o.
11
Suppose 9*a = 1112 + 1723. What is the remainder when a is divided by 79?
78
Suppose -4*o + 145 + 156 = -s, o = -4*s + 54. Let u = -18 + 57. Calculate the remainder when o is divided by u.
35
Let r = 88 + -58. Suppose 2*x + n - 152 = 74, 0 = 4*x - 4*n - 464. Let c = 233 - x. Calculate the remainder when c is divided by r.
29
Let u(o) = -o**2 + 57*o - 592. What is the remainder when 116 is divided by u(41)?
52
Suppose -61 = -4*p + 39. Let t = -8 + p. What is the remainder when ((-6)/20)/((-1470)/(-160) - 9)*-20 is divided by t?
15
Let y(i) = -i**2 + 18*i - 19. Calculate the remainder when y(12) is divided by 29.
24
Let m(y) = -y + 69. Let k = -167 - -262. What is the remainder when k is divided by m(35)?
27
Suppose 4*o = 8*o + 12. Let j be (o/(-2))/(30/(-80)). What is the remainder when 77/2 + (-6)/j is divided by 14?
12
What is the remainder when 97 is divided by (7 + -5)*4/8*14?
13
Let y = -13 - -24. Suppose -3*r - 2 = -4*r. Let l = r + y. Calculate the remainder when 23 is divided by l.
10
Let h(l) = -3*l + 12. Suppose 3*n + 18 = -0*n. What is the remainder when h(n) is divided by 12?
6
Suppose -3*p - 3 = 0, 2*p - 279 = 5*k + p. Let g = -7 - k. Suppose -r = -5*b + g, 2*b + 2*r - 22 = -0*r. What is the remainder when 19 is divided by b?
9
Suppose -521 = -12*w + 19. Calculate the remainder when w is divided by 22.
1
Suppose -v + 3*v + 120 = 0. Let r be (v - -5) + (0 - 3). Let f = r + 127. Calculate the remainder when f is divided by 24.
21
Suppose -1 = 5*j - 5*b + 14, 2*j + 7 = 3*b. Let k = 7 - j. Suppose 4*x = -3*r + 1, 5*r - x = r + 14. Calculate the remainder when k is divided by r.
0
Let y be 9*8/(-168)*-28. Let o = -22 + 41. Let t = o - y. Calculate the remainder when 19 is divided by t.
5
Let r = -6 - -5. What is the remainder when ((-27)/3)/r + -3 is divided by 5?
1
Let t(w) = -w**3 + 5*w**2 - 5*w + 4. Let z be t(3). Let y = z - 12. Let h = y - -11. Calculate the remainder when 16 is divided by h.
4
Suppose -3*q = -x + 3*x - 37, -59 = -5*q - 2*x. Calculate the remainder when 14/(-4*(-5)/40) is divided by q.
6
Let u = -1704 - -1716. Calculate the remainder when 84 is divided by u.
0
Let v(p) = -8*p**2 + 13*p. What is the remainder when 163 is divided by v(1)?
3
Let z = 694 - 626. What is the remainder when 474 is divided by z?
66
Suppose 2*i + 0 = 8, 5*w + 2*i - 88 = 0. Calculate the remainder when 39 is divided by (-204)/(-10) - w/40.
19
Let j = 49 - 27. Suppose -w = -2*w + 32. Let f = w - j. Calculate the remainder when 17 is divided by f.
7
Suppose 0 = -3*o - o - 8. What is the remainder when (-869)/(-13) - o/13 is divided by 35?
32
Let d = 220 - 217. Let c = 91 - 42. Let v = c - d. Calculate the remainder when v is divided by 16.
14
Suppose -2*d = -87 - 211. Suppose 0 = -5*h + d + 1. Calculate the remainder when h is divided by 16.
14
Let g(p) = p. Suppose -3*c = 2*n + 21, -n - 17 = 4*c - 2*n. Let a be (1 + c)*(0 - 2). What is the remainder when g(a) is divided by 5?
3
Suppose -3*n - r = -5*r - 3, 4*n + r = 23. Calculate the remainder when 13 is divided by n.
3
Calculate the remainder when 578 is divided by 5 + 6/(-42) + (-338)/(-14).
27
Calculate the remainder when (-15777)/(-18) + (-35)/(-14) is divided by 21.
18
Let s = 4 - -1. Suppose s*d - 65 = 25. Suppose -d = -3*x + 2*x. What is the remainder when x is divided by 10?
8
Let d(x) = x**3 - 14*x**2 + 24*x + 4. What is the remainder when 14 is divided by d(12)?
2
Let a(o) = o**2 - 6*o + 2. Calculate the remainder when a(15) is divided by 20.
17
Suppose 2*i - 90 = -4*x, 180 = -0*i + 4*i - 2*x. What is the remainder when 10 is divided by (((-2)/3)/(-1))/(10/i)?
1
Let b(d) = -2*d**2 + 27*d + 47. Let v be b(15). Calculate the remaind